5. Suppose -b = 4 - 18. Calculate the highest common factor of b and u.
14
Suppose -50*i = -16861 - 6089. Calculate the highest common factor of 17 and i.
17
Suppose -20 = -5*a - k, -2*a + 4*k + 5 = 19. Let t be a - (4 + (-5)/1). What is the highest common factor of t and 11?
1
Let o(w) be the first derivative of -w**3 + 105*w**2/2 + 62*w - 167. Let p be o(31). What is the highest common divisor of p and 186?
62
Let a(m) = 2*m**3 - 10*m**2 - 12*m + 2. Let o be a(6). Suppose -619 = -3*f + 2*y, -2*y + 426 = o*f - 6*y. What is the highest common divisor of f and 21?
7
Let f(z) = -2*z + 194. Let p be (33/(-1))/(2/(-2)). Let o be f(p). What is the greatest common factor of 160 and o?
32
Let l be (-1)/(0 + 4/(5 - 9)). Let x be (2120/4 - -1)/l. Calculate the highest common factor of 118 and x.
59
Suppose 0 = 3*s + 9, -939*v + 870 = -936*v - 4*s. What is the greatest common divisor of v and 605?
11
Suppose 16*b - 9 = 39. Let y be 1/(-6)*b/2*-52. Calculate the highest common divisor of 26 and y.
13
Let m be -3*(2 + -3 - 18). Let f(s) = -s**3 + 142*s**2 + 289*s + 198. Let k be f(144). Calculate the greatest common factor of k and m.
57
Suppose 9*i = 2*d + 12*i - 2, 5*d = -4*i + 12. Suppose -15 = 3*j, d*r - 4*j + 11 = 87. Calculate the highest common divisor of r and 8.
2
Suppose 0 = -19*g + 13*g + 720. Suppose 0 = 2*y - 5*n - g, n - 6*n = -5*y + 330. What is the highest common factor of 490 and y?
70
Suppose -5*z - 5*p = -995, -35*p + 15 = -38*p. What is the highest common divisor of 84 and z?
12
Let n(u) = -3*u**3 + 105*u**2 - 373*u + 52. Let j be n(31). Calculate the highest common factor of 53151 and j.
21
Suppose 3*f + 118 = -k + 122, -3*k + 5*f = -54. Suppose -2*h + 841 = -0*t + 5*t, 0 = -5*t - h + 843. Calculate the highest common factor of k and t.
13
Let g be (60/75)/((-5)/((-1650)/4)). What is the greatest common divisor of g and 43098?
66
Let d = -23 - -48. Let m(i) = 91*i - 94. Let v be m(15). Suppose 4*h + w - 1096 = 0, w = 5*h - v - 108. What is the highest common divisor of d and h?
25
Let w(o) = -31*o + 1134. Let s be w(0). What is the greatest common factor of s and 126?
126
Let i be ((-316)/790)/(((-12)/(-50))/(-3)). Let n(l) = -5*l + 50. Let k be n(7). Calculate the greatest common divisor of k and i.
5
Let n be -10*((-92)/20 - -4 - (-3608)/(-20)). What is the highest common divisor of 10 and n?
10
Let b(f) = 6*f**2 + 5*f + 10. Let n be b(-2). Let q be 21*18/n*12. What is the highest common factor of 27 and q?
27
Suppose -656 = -5*h + 13*h. Let x = h - -197. What is the highest common divisor of x and 10?
5
Let g(x) = -x**3 + 13*x**2 - 2*x - 14. Let t be g(13). Let n = -30 - t. Suppose -2*q + 900 = n*q. Calculate the highest common factor of q and 30.
15
Let z be 345/(-230) - 1986/(-4). Suppose 67 - 22 = k. Calculate the highest common factor of k and z.
45
Let k be (3/(-6))/((-1)/10). Suppose -5*d + 850 = k*l, 6*d = -4*l + 8*d + 680. What is the greatest common factor of 765 and l?
85
Let s = 23 - 43. Let a be (s - -1) + 9 + -5. Let x be 47/4 + a/20. Calculate the highest common divisor of x and 88.
11
Suppose -6 = 9*m - 294. What is the greatest common divisor of 3104 and m?
32
Suppose -6895 = -47*i + 54*i. Let p = 1007 + i. What is the highest common factor of p and 286?
22
Suppose -7*v + 670 = 334. Calculate the highest common divisor of v and 4272.
48
Suppose 42 = 4*j - 18. Suppose -240*o = -245*o + 95 + 430. What is the highest common factor of o and j?
15
Let q be (((-64)/24)/(-8))/(1/(-9)). Let p be (40/12 + -3)/(q/(-27)). Calculate the highest common divisor of p and 249.
3
Let s(j) = 11*j**3 + 10*j - 6. Let b be s(3). Let p = 325 - b. Calculate the greatest common factor of p and 7.
1
Suppose 0 = 2*j - 85 - 35. Suppose -59 - j = -17*w. Suppose -w*x + 57 = -13. What is the highest common factor of 5 and x?
5
Suppose -1103*d - 357 = -1086*d. Suppose 19 + 6 = 5*v. Let l be v/(-35) + (-612)/d. Calculate the greatest common factor of l and 232.
29
Suppose 35*s + 16 = 296. Let m be (138/(-12))/((-2)/36). Suppose m = s*g - 153. Calculate the highest common factor of g and 30.
15
Suppose 0 = -3*o - 2*p + 1 - 0, -2*o + 4 = -2*p. Let d(j) = 273*j + 13946. Let w be d(-51). Calculate the greatest common divisor of w and o.
1
Let q be 11194025/469 + ((-4)/7)/(-4). Calculate the greatest common divisor of 68 and q.
68
Suppose -10*f + 248 = -232 + 150. Suppose -3*g - w + 66 = 0, -5*w + 18 = 2*g - 26. What is the greatest common divisor of f and g?
11
Suppose -24*o + 2214 - 2070 = 0. Let u(g) = 8*g**3 + 0 + 2*g - 4*g + 2*g**2 - 2. Let w be u(2). Calculate the highest common divisor of w and o.
6
Let z = -5144 - -5340. What is the highest common divisor of z and 224?
28
Suppose -232*a + 217*a = -1329 - 1506. Suppose -3*q - 27 = -s + 6, -3*q = -5*s + 117. Calculate the highest common factor of s and a.
21
Suppose -35*r = -40*r + 75. Let c be -5*6*30/(-2). Suppose r*m = 5*m + c. What is the greatest common divisor of 15 and m?
15
Let y(o) = 39 + 9 + 8*o - 3 - 6*o. Let k be y(-16). Suppose -r - v = -64, -r + k = -3*v - 35. Calculate the highest common divisor of 24 and r.
12
Suppose -325*b + 314*b = -3762. What is the greatest common divisor of 108 and b?
18
Let j = 292 + -29. Suppose 2*x + 10 = 0, -14*v + 5*x = -17*v + j. What is the highest common divisor of v and 24?
24
Let f be 36882888/39816 + (-1 + 10/6 - 0). Calculate the greatest common divisor of f and 824.
103
Let w = 224 + -168. Let r = 40 + -22. Suppose -r = -2*n - 4. Calculate the highest common factor of w and n.
7
Suppose 0 = -3*l - n - 0*n + 70, 3*l - 2*n = 67. Let w be 4 + -2 + (-18)/6. Let o be (5/3)/(w/(-69)). What is the highest common factor of o and l?
23
Let q(i) = -8*i - 119. Suppose -3*m - 4*y = 86, -3*y + 34 = -2*m - y. Let w be q(m). Calculate the highest common factor of 19 and w.
19
Let o = -27 - -51. Suppose 5*j - 69 + 4 = 0. Let t = j - -47. Calculate the highest common factor of o and t.
12
Let p = 31 - 17. Suppose 11*c - 1700 = 610. Suppose 0 = 8*r + 7*r - c. Calculate the highest common factor of p and r.
14
Let i(w) = -w**2 - 50*w - 281. Let n be i(-31). Calculate the highest common divisor of n and 418.
22
Let w be 595/17*3/(-15) + 665. What is the greatest common divisor of 126 and w?
14
Suppose -17*f + 15*f + 40 = 5*m, -2*f + 4*m = -22. Let x = -11 - -23. Calculate the greatest common factor of f and x.
3
Let v(z) = -z**2 + 38*z + 8. Let a be v(38). Suppose -5642 = -a*d - 1250. Calculate the greatest common factor of 9 and d.
9
Suppose 54*v - 3792 = 4902. Calculate the greatest common factor of 63 and v.
7
Suppose 9*u - 11 = 25. Let c be (-5 + u)/((-4)/(-168)). Let l be (c/(-49))/(2/154). Calculate the greatest common factor of 6 and l.
6
Suppose -231*a + 673231 - 51323 = 103*a. What is the greatest common factor of a and 196?
98
Let x be (1161288/(-889))/(3/(-28)). Calculate the highest common divisor of x and 48.
48
Let j(i) = 21*i**2 + 90*i + 858. Let h be j(-9). Calculate the highest common factor of h and 2703.
159
Suppose -5*j = -7*j - 5*m + 900, -4*m = -16. Suppose 2112 - j = 22*v. Calculate the highest common divisor of v and 532.
76
Let t be (9/6)/((3/2)/3). Suppose 0 = s - t*f - 93, 3*s - 4*f = f + 287. What is the highest common divisor of 18 and s?
9
Let s = -166 - -175. Let a = s + 281. What is the greatest common divisor of 116 and a?
58
Suppose 5*d = 4*k - 71, 4*d = 5*k - d - 95. Let i be (-200)/12*k/(-20). Let f be (108/(-8))/((-2)/i). What is the highest common divisor of 90 and f?
45
Suppose -81*p + 97*p = 368. Calculate the greatest common factor of 575 and p.
23
Let h(z) = 11*z**2 + 78*z - 612. Let w be h(6). What is the highest common factor of w and 1062?
18
Let l be ((-24)/(-20))/(3/10). Suppose l = z + z. Suppose 0 = -f + 6*f + 4*p - 155, -z*f = 4*p - 74. What is the greatest common factor of f and 243?
27
Suppose 4*c - 269 + 41 = -2*p, 0 = 6*p - c - 697. What is the greatest common factor of p and 17458?
58
Let g = -31 - -124. Suppose 5*a = 8*a - 390. Suppose 0 = r + 4*n - 0 - 23, 0 = 4*r - 3*n - a. Calculate the greatest common factor of r and g.
31
Suppose -k - b - 110 = -139, -5*b + 61 = k. What is the greatest common factor of k and 3017?
7
Let a(x) = -141*x - 1439. Let p be a(-11). Calculate the greatest common divisor of 3